{"id":276,"date":"2021-11-17T17:00:43","date_gmt":"2021-11-17T17:00:43","guid":{"rendered":"http:\/\/eiandyplanet.com\/?page_id=276"},"modified":"2026-05-02T15:55:35","modified_gmt":"2026-05-02T13:55:35","slug":"equipo","status":"publish","type":"page","link":"https:\/\/eiandyplanet.com\/?page_id=276","title":{"rendered":"EQUIPO"},"content":{"rendered":"\t\t<div data-elementor-type=\"wp-page\" data-elementor-id=\"276\" class=\"elementor elementor-276\" data-elementor-post-type=\"page\">\n\t\t\t\t\t\t<section class=\"elementor-section elementor-top-section elementor-element elementor-element-5712c55 elementor-section-boxed elementor-section-height-default elementor-section-height-default\" data-id=\"5712c55\" data-element_type=\"section\" data-e-type=\"section\">\n\t\t\t\t\t\t<div class=\"elementor-container elementor-column-gap-default\">\n\t\t\t\t\t<div class=\"elementor-column elementor-col-100 elementor-top-column elementor-element elementor-element-a63a59f\" data-id=\"a63a59f\" data-element_type=\"column\" data-e-type=\"column\">\n\t\t\t<div class=\"elementor-widget-wrap elementor-element-populated\">\n\t\t\t\t\t\t<div class=\"elementor-element elementor-element-dfaed78 elementor-widget elementor-widget-spacer\" data-id=\"dfaed78\" data-element_type=\"widget\" data-e-type=\"widget\" data-widget_type=\"spacer.default\">\n\t\t\t\t<div class=\"elementor-widget-container\">\n\t\t\t\t\t\t\t<div class=\"elementor-spacer\">\n\t\t\t<div class=\"elementor-spacer-inner\"><\/div>\n\t\t<\/div>\n\t\t\t\t\t\t<\/div>\n\t\t\t\t<\/div>\n\t\t\t\t\t<\/div>\n\t\t<\/div>\n\t\t\t\t\t<\/div>\n\t\t<\/section>\n\t\t\t\t<section class=\"elementor-section elementor-top-section elementor-element elementor-element-0781a8c elementor-section-boxed elementor-section-height-default elementor-section-height-default\" data-id=\"0781a8c\" data-element_type=\"section\" data-e-type=\"section\">\n\t\t\t\t\t\t<div class=\"elementor-container elementor-column-gap-default\">\n\t\t\t\t\t<div class=\"elementor-column elementor-col-100 elementor-top-column elementor-element elementor-element-d97303e\" data-id=\"d97303e\" data-element_type=\"column\" data-e-type=\"column\">\n\t\t\t<div class=\"elementor-widget-wrap elementor-element-populated\">\n\t\t\t\t\t\t<div class=\"elementor-element elementor-element-f9027f9 elementor-widget elementor-widget-heading\" data-id=\"f9027f9\" data-element_type=\"widget\" data-e-type=\"widget\" data-widget_type=\"heading.default\">\n\t\t\t\t<div class=\"elementor-widget-container\">\n\t\t\t\t\t<h2 class=\"elementor-heading-title elementor-size-default\">CON\u00d3CENOS<\/h2>\t\t\t\t<\/div>\n\t\t\t\t<\/div>\n\t\t\t\t<div class=\"elementor-element elementor-element-196183f elementor-widget elementor-widget-text-editor\" data-id=\"196183f\" data-element_type=\"widget\" data-e-type=\"widget\" data-widget_type=\"text-editor.default\">\n\t\t\t\t<div class=\"elementor-widget-container\">\n\t\t\t\t\t\t\t\t\t<p style=\"margin-bottom: 1rem; color: #adadad; font-family: bree-light, sans-serif; font-size: 17px;\">Contamos con profesionales cualificados y con una mezcla perfecta de juventud y experiencia en todos los \u00e1mbitos del centro; desde el departamento de direcci\u00f3n, a la maestra, las educadoras y la auxiliar.<\/p><p style=\"margin-bottom: 1rem; color: #adadad; font-family: bree-light, sans-serif; font-size: 17px;\">Todo el equipo mantiene su trabajo constante con una inmensa dedicaci\u00f3n, ya que disfrutamos a diario con nuestra mayor vocaci\u00f3n. Sabemos que nuestra personalidad y nuestra forma de actuar, ejerce una gran influencia en la formaci\u00f3n del peque\u00f1o, por ello intentamos hacer sentir que esta es su segunda casa, dando un ambiente familiar y cercano tanto a los m\u00e1s peque\u00f1os como a sus familias.<\/p>\t\t\t\t\t\t\t\t<\/div>\n\t\t\t\t<\/div>\n\t\t\t\t\t<\/div>\n\t\t<\/div>\n\t\t\t\t\t<\/div>\n\t\t<\/section>\n\t\t\t\t<section class=\"elementor-section elementor-top-section elementor-element elementor-element-805e1f5 elementor-section-boxed elementor-section-height-default elementor-section-height-default\" data-id=\"805e1f5\" data-element_type=\"section\" data-e-type=\"section\">\n\t\t\t\t\t\t<div class=\"elementor-container elementor-column-gap-default\">\n\t\t\t\t\t<div class=\"elementor-column elementor-col-100 elementor-top-column elementor-element elementor-element-5ad33a0\" data-id=\"5ad33a0\" data-element_type=\"column\" data-e-type=\"column\">\n\t\t\t<div class=\"elementor-widget-wrap elementor-element-populated\">\n\t\t\t\t\t\t<section class=\"elementor-section elementor-inner-section elementor-element elementor-element-f56762e elementor-section-boxed elementor-section-height-default elementor-section-height-default\" data-id=\"f56762e\" data-element_type=\"section\" data-e-type=\"section\">\n\t\t\t\t\t\t<div class=\"elementor-container elementor-column-gap-default\">\n\t\t\t\t\t<div class=\"elementor-column elementor-col-100 elementor-inner-column elementor-element elementor-element-d0693aa\" data-id=\"d0693aa\" data-element_type=\"column\" data-e-type=\"column\">\n\t\t\t<div class=\"elementor-widget-wrap elementor-element-populated\">\n\t\t\t\t\t\t<div class=\"elementor-element elementor-element-9469057 elementor-position-top elementor-widget elementor-widget-image-box\" data-id=\"9469057\" data-element_type=\"widget\" data-e-type=\"widget\" data-settings=\"{&quot;motion_fx_motion_fx_scrolling&quot;:&quot;yes&quot;,&quot;motion_fx_opacity_effect&quot;:&quot;yes&quot;,&quot;motion_fx_opacity_level&quot;:{&quot;unit&quot;:&quot;px&quot;,&quot;size&quot;:5.2,&quot;sizes&quot;:[]},&quot;motion_fx_opacity_range&quot;:{&quot;unit&quot;:&quot;%&quot;,&quot;size&quot;:&quot;&quot;,&quot;sizes&quot;:{&quot;start&quot;:0,&quot;end&quot;:57}},&quot;_animation&quot;:&quot;none&quot;,&quot;motion_fx_opacity_direction&quot;:&quot;out-in&quot;,&quot;motion_fx_devices&quot;:[&quot;desktop&quot;,&quot;tablet&quot;,&quot;mobile&quot;]}\" data-widget_type=\"image-box.default\">\n\t\t\t\t<div class=\"elementor-widget-container\">\n\t\t\t\t\t<div class=\"elementor-image-box-wrapper\"><figure class=\"elementor-image-box-img\"><img fetchpriority=\"high\" decoding=\"async\" width=\"1304\" height=\"1566\" src=\"http:\/\/eiandyplanet.com\/wp-content\/uploads\/2026\/05\/1-1-e1777728550351.png\" class=\"attachment-2048x2048 size-2048x2048 wp-image-1327\" alt=\"\" srcset=\"https:\/\/eiandyplanet.com\/wp-content\/uploads\/2026\/05\/1-1-e1777728550351.png 1304w, https:\/\/eiandyplanet.com\/wp-content\/uploads\/2026\/05\/1-1-e1777728550351-250x300.png 250w, https:\/\/eiandyplanet.com\/wp-content\/uploads\/2026\/05\/1-1-e1777728550351-853x1024.png 853w, https:\/\/eiandyplanet.com\/wp-content\/uploads\/2026\/05\/1-1-e1777728550351-768x922.png 768w, https:\/\/eiandyplanet.com\/wp-content\/uploads\/2026\/05\/1-1-e1777728550351-1279x1536.png 1279w\" sizes=\"(max-width: 1304px) 100vw, 1304px\" \/><\/figure><div class=\"elementor-image-box-content\"><h3 class=\"elementor-image-box-title\">DAVID<\/h3><p class=\"elementor-image-box-description\">Soy el director del centro. <br>En Eiandy Planet nos esforzamos cada d\u00eda por crear un ambiente seguro y enriquecedor, <br>a la par que innovador para todos nuestros peques.<\/p><\/div><\/div>\t\t\t\t<\/div>\n\t\t\t\t<\/div>\n\t\t\t\t<div class=\"elementor-element elementor-element-d5fb37e elementor-position-top elementor-widget elementor-widget-image-box\" data-id=\"d5fb37e\" data-element_type=\"widget\" data-e-type=\"widget\" data-settings=\"{&quot;motion_fx_motion_fx_scrolling&quot;:&quot;yes&quot;,&quot;motion_fx_opacity_effect&quot;:&quot;yes&quot;,&quot;motion_fx_opacity_level&quot;:{&quot;unit&quot;:&quot;px&quot;,&quot;size&quot;:5.2,&quot;sizes&quot;:[]},&quot;motion_fx_opacity_range&quot;:{&quot;unit&quot;:&quot;%&quot;,&quot;size&quot;:&quot;&quot;,&quot;sizes&quot;:{&quot;start&quot;:20,&quot;end&quot;:57}},&quot;_animation&quot;:&quot;none&quot;,&quot;motion_fx_opacity_direction&quot;:&quot;out-in&quot;,&quot;motion_fx_devices&quot;:[&quot;desktop&quot;,&quot;tablet&quot;,&quot;mobile&quot;]}\" data-widget_type=\"image-box.default\">\n\t\t\t\t<div class=\"elementor-widget-container\">\n\t\t\t\t\t<div class=\"elementor-image-box-wrapper\"><figure class=\"elementor-image-box-img\"><img decoding=\"async\" width=\"1330\" height=\"1635\" src=\"http:\/\/eiandyplanet.com\/wp-content\/uploads\/2026\/05\/5-e1777728690310.png\" class=\"attachment-2048x2048 size-2048x2048 wp-image-1331\" alt=\"\" srcset=\"https:\/\/eiandyplanet.com\/wp-content\/uploads\/2026\/05\/5-e1777728690310.png 1330w, https:\/\/eiandyplanet.com\/wp-content\/uploads\/2026\/05\/5-e1777728690310-244x300.png 244w, https:\/\/eiandyplanet.com\/wp-content\/uploads\/2026\/05\/5-e1777728690310-833x1024.png 833w, https:\/\/eiandyplanet.com\/wp-content\/uploads\/2026\/05\/5-e1777728690310-768x944.png 768w, https:\/\/eiandyplanet.com\/wp-content\/uploads\/2026\/05\/5-e1777728690310-1249x1536.png 1249w\" sizes=\"(max-width: 1330px) 100vw, 1330px\" \/><\/figure><div class=\"elementor-image-box-content\"><h3 class=\"elementor-image-box-title\">\u00c1NGELA<\/h3><p class=\"elementor-image-box-description\">Soy la directora docente del centro.<br>Adem\u00e1s, durante este curso, soy tutora de la clase roja de 2 a 3 a\u00f1os.<br>Me encanta ense\u00f1ar a trav\u00e9s del juego y la exploraci\u00f3n siguiendo el ritmo de cada ni\u00f1o.<\/p><\/div><\/div>\t\t\t\t<\/div>\n\t\t\t\t<\/div>\n\t\t\t\t<div class=\"elementor-element elementor-element-bf2cd09 elementor-position-top elementor-widget elementor-widget-image-box\" data-id=\"bf2cd09\" data-element_type=\"widget\" data-e-type=\"widget\" data-settings=\"{&quot;motion_fx_motion_fx_scrolling&quot;:&quot;yes&quot;,&quot;motion_fx_opacity_effect&quot;:&quot;yes&quot;,&quot;motion_fx_opacity_level&quot;:{&quot;unit&quot;:&quot;px&quot;,&quot;size&quot;:5.2,&quot;sizes&quot;:[]},&quot;motion_fx_opacity_range&quot;:{&quot;unit&quot;:&quot;%&quot;,&quot;size&quot;:&quot;&quot;,&quot;sizes&quot;:{&quot;start&quot;:20,&quot;end&quot;:57}},&quot;motion_fx_opacity_direction&quot;:&quot;out-in&quot;,&quot;motion_fx_devices&quot;:[&quot;desktop&quot;,&quot;tablet&quot;,&quot;mobile&quot;]}\" data-widget_type=\"image-box.default\">\n\t\t\t\t<div class=\"elementor-widget-container\">\n\t\t\t\t\t<div class=\"elementor-image-box-wrapper\"><figure class=\"elementor-image-box-img\"><img decoding=\"async\" width=\"1536\" height=\"1790\" src=\"http:\/\/eiandyplanet.com\/wp-content\/uploads\/2026\/05\/4-e1777728737421.png\" class=\"attachment-2048x2048 size-2048x2048 wp-image-1330\" alt=\"\" srcset=\"https:\/\/eiandyplanet.com\/wp-content\/uploads\/2026\/05\/4-e1777728737421.png 1536w, https:\/\/eiandyplanet.com\/wp-content\/uploads\/2026\/05\/4-e1777728737421-257x300.png 257w, https:\/\/eiandyplanet.com\/wp-content\/uploads\/2026\/05\/4-e1777728737421-879x1024.png 879w, https:\/\/eiandyplanet.com\/wp-content\/uploads\/2026\/05\/4-e1777728737421-768x895.png 768w, https:\/\/eiandyplanet.com\/wp-content\/uploads\/2026\/05\/4-e1777728737421-1318x1536.png 1318w\" sizes=\"(max-width: 1536px) 100vw, 1536px\" \/><\/figure><div class=\"elementor-image-box-content\"><h3 class=\"elementor-image-box-title\">SANDRA<\/h3><p class=\"elementor-image-box-description\">Soy la tutora de la clase verde de 0 a 1 a\u00f1os durante este curso. <br>Estoy encantada de acompa\u00f1ar a mis peques en sus primeros a\u00f1os de crecimiento y aprendizaje.<\/p><\/div><\/div>\t\t\t\t<\/div>\n\t\t\t\t<\/div>\n\t\t\t\t\t<\/div>\n\t\t<\/div>\n\t\t\t\t\t<\/div>\n\t\t<\/section>\n\t\t\t\t<div class=\"elementor-element elementor-element-a4db876 elementor-position-top elementor-widget elementor-widget-image-box\" data-id=\"a4db876\" data-element_type=\"widget\" data-e-type=\"widget\" data-settings=\"{&quot;motion_fx_motion_fx_scrolling&quot;:&quot;yes&quot;,&quot;motion_fx_opacity_effect&quot;:&quot;yes&quot;,&quot;motion_fx_opacity_level&quot;:{&quot;unit&quot;:&quot;px&quot;,&quot;size&quot;:5.2,&quot;sizes&quot;:[]},&quot;motion_fx_opacity_range&quot;:{&quot;unit&quot;:&quot;%&quot;,&quot;size&quot;:&quot;&quot;,&quot;sizes&quot;:{&quot;start&quot;:20,&quot;end&quot;:56}},&quot;motion_fx_opacity_direction&quot;:&quot;out-in&quot;,&quot;motion_fx_devices&quot;:[&quot;desktop&quot;,&quot;tablet&quot;,&quot;mobile&quot;]}\" data-widget_type=\"image-box.default\">\n\t\t\t\t<div class=\"elementor-widget-container\">\n\t\t\t\t\t<div class=\"elementor-image-box-wrapper\"><figure class=\"elementor-image-box-img\"><img loading=\"lazy\" decoding=\"async\" width=\"1283\" height=\"1707\" src=\"http:\/\/eiandyplanet.com\/wp-content\/uploads\/2026\/05\/2-1-e1777728781847.png\" class=\"attachment-2048x2048 size-2048x2048 wp-image-1328\" alt=\"\" srcset=\"https:\/\/eiandyplanet.com\/wp-content\/uploads\/2026\/05\/2-1-e1777728781847.png 1283w, https:\/\/eiandyplanet.com\/wp-content\/uploads\/2026\/05\/2-1-e1777728781847-225x300.png 225w, https:\/\/eiandyplanet.com\/wp-content\/uploads\/2026\/05\/2-1-e1777728781847-770x1024.png 770w, https:\/\/eiandyplanet.com\/wp-content\/uploads\/2026\/05\/2-1-e1777728781847-768x1022.png 768w, https:\/\/eiandyplanet.com\/wp-content\/uploads\/2026\/05\/2-1-e1777728781847-1154x1536.png 1154w\" sizes=\"(max-width: 1283px) 100vw, 1283px\" \/><\/figure><div class=\"elementor-image-box-content\"><h3 class=\"elementor-image-box-title\">SANDRA<\/h3><p class=\"elementor-image-box-description\">En el curso actual, soy la tutora de la clase amarilla de 1a 2 a\u00f1os. <br>Cada d\u00eda disfruto viendo c\u00f3mo nuestros peques exploran, juegan y aprenden cosas nuevas.<\/p><\/div><\/div>\t\t\t\t<\/div>\n\t\t\t\t<\/div>\n\t\t\t\t<div class=\"elementor-element elementor-element-f17523c elementor-position-top elementor-widget elementor-widget-image-box\" data-id=\"f17523c\" data-element_type=\"widget\" data-e-type=\"widget\" data-settings=\"{&quot;motion_fx_motion_fx_scrolling&quot;:&quot;yes&quot;,&quot;motion_fx_opacity_effect&quot;:&quot;yes&quot;,&quot;motion_fx_opacity_level&quot;:{&quot;unit&quot;:&quot;px&quot;,&quot;size&quot;:5.2,&quot;sizes&quot;:[]},&quot;motion_fx_opacity_range&quot;:{&quot;unit&quot;:&quot;%&quot;,&quot;size&quot;:&quot;&quot;,&quot;sizes&quot;:{&quot;start&quot;:20,&quot;end&quot;:58}},&quot;motion_fx_opacity_direction&quot;:&quot;out-in&quot;,&quot;motion_fx_devices&quot;:[&quot;desktop&quot;,&quot;tablet&quot;,&quot;mobile&quot;]}\" data-widget_type=\"image-box.default\">\n\t\t\t\t<div class=\"elementor-widget-container\">\n\t\t\t\t\t<div class=\"elementor-image-box-wrapper\"><figure class=\"elementor-image-box-img\"><img loading=\"lazy\" decoding=\"async\" width=\"1447\" height=\"1850\" src=\"http:\/\/eiandyplanet.com\/wp-content\/uploads\/2026\/05\/3-e1777728815726.png\" class=\"attachment-2048x2048 size-2048x2048 wp-image-1329\" alt=\"\" srcset=\"https:\/\/eiandyplanet.com\/wp-content\/uploads\/2026\/05\/3-e1777728815726.png 1447w, https:\/\/eiandyplanet.com\/wp-content\/uploads\/2026\/05\/3-e1777728815726-235x300.png 235w, https:\/\/eiandyplanet.com\/wp-content\/uploads\/2026\/05\/3-e1777728815726-801x1024.png 801w, https:\/\/eiandyplanet.com\/wp-content\/uploads\/2026\/05\/3-e1777728815726-768x982.png 768w, https:\/\/eiandyplanet.com\/wp-content\/uploads\/2026\/05\/3-e1777728815726-1201x1536.png 1201w\" sizes=\"(max-width: 1447px) 100vw, 1447px\" \/><\/figure><div class=\"elementor-image-box-content\"><h3 class=\"elementor-image-box-title\">SANDRA<\/h3><p class=\"elementor-image-box-description\">Mi trabajo est\u00e1 en todas y cada una de las aulas.<br>As\u00ed puedo encargarme de cuidar a todos los peques, desde los m\u00e1s mayores a los m\u00e1s peque\u00f1os.<\/p><\/div><\/div>\t\t\t\t<\/div>\n\t\t\t\t<\/div>\n\t\t\t\t\t<\/div>\n\t\t<\/div>\n\t\t\t\t\t<\/div>\n\t\t<\/section>\n\t\t\t\t<\/div>\n\t\t","protected":false},"excerpt":{"rendered":"<p>CON\u00d3CENOS Contamos con profesionales cualificados y con una mezcla perfecta de juventud y experiencia en todos los \u00e1mbitos del centro; desde el departamento de direcci\u00f3n, a la maestra, las educadoras y la auxiliar. Todo el equipo mantiene su trabajo constante con una inmensa dedicaci\u00f3n, ya que disfrutamos a diario con nuestra mayor vocaci\u00f3n. Sabemos que [&hellip;]<\/p>\n","protected":false},"author":3,"featured_media":0,"parent":0,"menu_order":0,"comment_status":"closed","ping_status":"closed","template":"","meta":{"footnotes":""},"class_list":["post-276","page","type-page","status-publish","hentry"],"yoast_head":"<!-- This site is optimized with the Yoast SEO plugin v19.7.1 - https:\/\/yoast.com\/wordpress\/plugins\/seo\/ -->\n<title>EQUIPO - Eiandy Planet<\/title>\n<meta name=\"robots\" content=\"index, follow, max-snippet:-1, max-image-preview:large, max-video-preview:-1\" \/>\n<link rel=\"canonical\" href=\"https:\/\/eiandyplanet.com\/?page_id=276\" \/>\n<meta property=\"og:locale\" content=\"es_ES\" \/>\n<meta property=\"og:type\" content=\"article\" \/>\n<meta property=\"og:title\" content=\"EQUIPO - Eiandy Planet\" \/>\n<meta property=\"og:description\" content=\"CON\u00d3CENOS Contamos con profesionales cualificados y con una mezcla perfecta de juventud y experiencia en todos los \u00e1mbitos del centro; desde el departamento de direcci\u00f3n, a la maestra, las educadoras y la auxiliar. Todo el equipo mantiene su trabajo constante con una inmensa dedicaci\u00f3n, ya que disfrutamos a diario con nuestra mayor vocaci\u00f3n. Sabemos que [&hellip;]\" \/>\n<meta property=\"og:url\" content=\"https:\/\/eiandyplanet.com\/?page_id=276\" \/>\n<meta property=\"og:site_name\" content=\"Eiandy Planet\" \/>\n<meta property=\"article:modified_time\" content=\"2026-05-02T13:55:35+00:00\" \/>\n<meta property=\"og:image\" content=\"http:\/\/eiandyplanet.com\/wp-content\/uploads\/2026\/05\/1-1-e1777728550351.png\" \/>\n<meta name=\"twitter:card\" content=\"summary_large_image\" \/>\n<meta name=\"twitter:label1\" content=\"Tiempo de lectura\" \/>\n\t<meta name=\"twitter:data1\" content=\"1 minuto\" \/>\n<script type=\"application\/ld+json\" class=\"yoast-schema-graph\">{\"@context\":\"https:\/\/schema.org\",\"@graph\":[{\"@type\":\"WebPage\",\"@id\":\"https:\/\/eiandyplanet.com\/?page_id=276\",\"url\":\"https:\/\/eiandyplanet.com\/?page_id=276\",\"name\":\"EQUIPO - Eiandy Planet\",\"isPartOf\":{\"@id\":\"http:\/\/eiandyplanet.com\/#website\"},\"datePublished\":\"2021-11-17T17:00:43+00:00\",\"dateModified\":\"2026-05-02T13:55:35+00:00\",\"breadcrumb\":{\"@id\":\"https:\/\/eiandyplanet.com\/?page_id=276#breadcrumb\"},\"inLanguage\":\"es\",\"potentialAction\":[{\"@type\":\"ReadAction\",\"target\":[\"https:\/\/eiandyplanet.com\/?page_id=276\"]}]},{\"@type\":\"BreadcrumbList\",\"@id\":\"https:\/\/eiandyplanet.com\/?page_id=276#breadcrumb\",\"itemListElement\":[{\"@type\":\"ListItem\",\"position\":1,\"name\":\"Portada\",\"item\":\"https:\/\/eiandyplanet.com\/\"},{\"@type\":\"ListItem\",\"position\":2,\"name\":\"EQUIPO\"}]},{\"@type\":\"WebSite\",\"@id\":\"http:\/\/eiandyplanet.com\/#website\",\"url\":\"http:\/\/eiandyplanet.com\/\",\"name\":\"Eiandy Planet\",\"description\":\"Centro Infantil - Guarder\u00eda - 0 a 3 A\u00f1os\",\"publisher\":{\"@id\":\"http:\/\/eiandyplanet.com\/#organization\"},\"potentialAction\":[{\"@type\":\"SearchAction\",\"target\":{\"@type\":\"EntryPoint\",\"urlTemplate\":\"http:\/\/eiandyplanet.com\/?s={search_term_string}\"},\"query-input\":\"required name=search_term_string\"}],\"inLanguage\":\"es\"},{\"@type\":\"Organization\",\"@id\":\"http:\/\/eiandyplanet.com\/#organization\",\"name\":\"Eiandy Planet\",\"url\":\"http:\/\/eiandyplanet.com\/\",\"sameAs\":[],\"logo\":{\"@type\":\"ImageObject\",\"inLanguage\":\"es\",\"@id\":\"http:\/\/eiandyplanet.com\/#\/schema\/logo\/image\/\",\"url\":\"https:\/\/eiandyplanet.com\/wp-content\/uploads\/2021\/08\/cropped-eiandy-1.jpg\",\"contentUrl\":\"https:\/\/eiandyplanet.com\/wp-content\/uploads\/2021\/08\/cropped-eiandy-1.jpg\",\"width\":400,\"height\":200,\"caption\":\"Eiandy Planet\"},\"image\":{\"@id\":\"http:\/\/eiandyplanet.com\/#\/schema\/logo\/image\/\"}}]}<\/script>\n<!-- \/ Yoast SEO plugin. -->","yoast_head_json":{"title":"EQUIPO - Eiandy Planet","robots":{"index":"index","follow":"follow","max-snippet":"max-snippet:-1","max-image-preview":"max-image-preview:large","max-video-preview":"max-video-preview:-1"},"canonical":"https:\/\/eiandyplanet.com\/?page_id=276","og_locale":"es_ES","og_type":"article","og_title":"EQUIPO - Eiandy Planet","og_description":"CON\u00d3CENOS Contamos con profesionales cualificados y con una mezcla perfecta de juventud y experiencia en todos los \u00e1mbitos del centro; desde el departamento de direcci\u00f3n, a la maestra, las educadoras y la auxiliar. Todo el equipo mantiene su trabajo constante con una inmensa dedicaci\u00f3n, ya que disfrutamos a diario con nuestra mayor vocaci\u00f3n. Sabemos que [&hellip;]","og_url":"https:\/\/eiandyplanet.com\/?page_id=276","og_site_name":"Eiandy Planet","article_modified_time":"2026-05-02T13:55:35+00:00","og_image":[{"url":"http:\/\/eiandyplanet.com\/wp-content\/uploads\/2026\/05\/1-1-e1777728550351.png"}],"twitter_card":"summary_large_image","twitter_misc":{"Tiempo de lectura":"1 minuto"},"schema":{"@context":"https:\/\/schema.org","@graph":[{"@type":"WebPage","@id":"https:\/\/eiandyplanet.com\/?page_id=276","url":"https:\/\/eiandyplanet.com\/?page_id=276","name":"EQUIPO - Eiandy Planet","isPartOf":{"@id":"http:\/\/eiandyplanet.com\/#website"},"datePublished":"2021-11-17T17:00:43+00:00","dateModified":"2026-05-02T13:55:35+00:00","breadcrumb":{"@id":"https:\/\/eiandyplanet.com\/?page_id=276#breadcrumb"},"inLanguage":"es","potentialAction":[{"@type":"ReadAction","target":["https:\/\/eiandyplanet.com\/?page_id=276"]}]},{"@type":"BreadcrumbList","@id":"https:\/\/eiandyplanet.com\/?page_id=276#breadcrumb","itemListElement":[{"@type":"ListItem","position":1,"name":"Portada","item":"https:\/\/eiandyplanet.com\/"},{"@type":"ListItem","position":2,"name":"EQUIPO"}]},{"@type":"WebSite","@id":"http:\/\/eiandyplanet.com\/#website","url":"http:\/\/eiandyplanet.com\/","name":"Eiandy Planet","description":"Centro Infantil - Guarder\u00eda - 0 a 3 A\u00f1os","publisher":{"@id":"http:\/\/eiandyplanet.com\/#organization"},"potentialAction":[{"@type":"SearchAction","target":{"@type":"EntryPoint","urlTemplate":"http:\/\/eiandyplanet.com\/?s={search_term_string}"},"query-input":"required name=search_term_string"}],"inLanguage":"es"},{"@type":"Organization","@id":"http:\/\/eiandyplanet.com\/#organization","name":"Eiandy Planet","url":"http:\/\/eiandyplanet.com\/","sameAs":[],"logo":{"@type":"ImageObject","inLanguage":"es","@id":"http:\/\/eiandyplanet.com\/#\/schema\/logo\/image\/","url":"https:\/\/eiandyplanet.com\/wp-content\/uploads\/2021\/08\/cropped-eiandy-1.jpg","contentUrl":"https:\/\/eiandyplanet.com\/wp-content\/uploads\/2021\/08\/cropped-eiandy-1.jpg","width":400,"height":200,"caption":"Eiandy Planet"},"image":{"@id":"http:\/\/eiandyplanet.com\/#\/schema\/logo\/image\/"}}]}},"_links":{"self":[{"href":"https:\/\/eiandyplanet.com\/index.php?rest_route=\/wp\/v2\/pages\/276","targetHints":{"allow":["GET"]}}],"collection":[{"href":"https:\/\/eiandyplanet.com\/index.php?rest_route=\/wp\/v2\/pages"}],"about":[{"href":"https:\/\/eiandyplanet.com\/index.php?rest_route=\/wp\/v2\/types\/page"}],"author":[{"embeddable":true,"href":"https:\/\/eiandyplanet.com\/index.php?rest_route=\/wp\/v2\/users\/3"}],"replies":[{"embeddable":true,"href":"https:\/\/eiandyplanet.com\/index.php?rest_route=%2Fwp%2Fv2%2Fcomments&post=276"}],"version-history":[{"count":71,"href":"https:\/\/eiandyplanet.com\/index.php?rest_route=\/wp\/v2\/pages\/276\/revisions"}],"predecessor-version":[{"id":1344,"href":"https:\/\/eiandyplanet.com\/index.php?rest_route=\/wp\/v2\/pages\/276\/revisions\/1344"}],"wp:attachment":[{"href":"https:\/\/eiandyplanet.com\/index.php?rest_route=%2Fwp%2Fv2%2Fmedia&parent=276"}],"curies":[{"name":"wp","href":"https:\/\/api.w.org\/{rel}","templated":true}]}}